{"id":232,"date":"2025-01-27T15:13:54","date_gmt":"2025-01-27T14:13:54","guid":{"rendered":"https:\/\/sante-globale-entreprise.fr\/?page_id=232"},"modified":"2025-01-27T15:31:44","modified_gmt":"2025-01-27T14:31:44","slug":"references-sante-globale-entreprise","status":"publish","type":"page","link":"https:\/\/sante-globale-entreprise.fr\/index.php\/references-sante-globale-entreprise\/","title":{"rendered":"R\u00e9f\u00e9rences"},"content":{"rendered":"\n<div class=\"wp-block-file\"><a href=\"https:\/\/sante-globale-entreprise.fr\/wp-content\/uploads\/2025\/01\/BLOIS-Lettre-reference-Sante-Globale-Entreprise.pdf\">BLOIS-Lettre-reference-Sante-Globale-Entreprise<\/a><a href=\"https:\/\/sante-globale-entreprise.fr\/wp-content\/uploads\/2025\/01\/BLOIS-Lettre-reference-Sante-Globale-Entreprise.pdf\" class=\"wp-block-file__button\" download>T\u00e9l\u00e9charger<\/a><\/div>\n\n\n\n<p><\/p>\n","protected":false},"excerpt":{"rendered":"","protected":false},"author":1,"featured_media":0,"parent":0,"menu_order":0,"comment_status":"closed","ping_status":"closed","template":"","meta":[],"yoast_head":"<!-- This site is optimized with the Yoast SEO plugin v15.7 - https:\/\/yoast.com\/wordpress\/plugins\/seo\/ -->\n<title>R\u00e9f\u00e9rences - Sante Globale Pro<\/title>\n<meta name=\"description\" content=\"R\u00e9f\u00e9rences Sant\u00e9 Globale Entreprises #sante globale ; #management sant\u00e9\" \/>\n<meta name=\"robots\" content=\"index, follow, max-snippet:-1, max-image-preview:large, max-video-preview:-1\" \/>\n<link rel=\"canonical\" href=\"https:\/\/sante-globale-entreprise.fr\/index.php\/references-sante-globale-entreprise\/\" \/>\n<meta property=\"og:locale\" content=\"fr_FR\" \/>\n<meta property=\"og:type\" content=\"article\" \/>\n<meta property=\"og:title\" content=\"R\u00e9f\u00e9rences - Sante Globale Pro\" \/>\n<meta property=\"og:description\" content=\"R\u00e9f\u00e9rences Sant\u00e9 Globale Entreprises #sante globale ; #management sant\u00e9\" \/>\n<meta property=\"og:url\" content=\"https:\/\/sante-globale-entreprise.fr\/index.php\/references-sante-globale-entreprise\/\" \/>\n<meta property=\"og:site_name\" content=\"Sante Globale Pro\" \/>\n<meta property=\"article:modified_time\" content=\"2025-01-27T14:31:44+00:00\" \/>\n<meta name=\"twitter:card\" content=\"summary_large_image\" \/>\n<meta name=\"twitter:label1\" content=\"Dur\u00e9e de lecture est.\">\n\t<meta name=\"twitter:data1\" content=\"1 minute\">\n<script type=\"application\/ld+json\" class=\"yoast-schema-graph\">{\"@context\":\"https:\/\/schema.org\",\"@graph\":[{\"@type\":\"WebSite\",\"@id\":\"https:\/\/sante-globale-entreprise.fr\/#website\",\"url\":\"https:\/\/sante-globale-entreprise.fr\/\",\"name\":\"Sante Globale Pro\",\"description\":\"Entreprendre et r\\u00e9ussir par la sant\\u00e9 globale\",\"potentialAction\":[{\"@type\":\"SearchAction\",\"target\":\"https:\/\/sante-globale-entreprise.fr\/?s={search_term_string}\",\"query-input\":\"required name=search_term_string\"}],\"inLanguage\":\"fr-FR\"},{\"@type\":\"WebPage\",\"@id\":\"https:\/\/sante-globale-entreprise.fr\/index.php\/references-sante-globale-entreprise\/#webpage\",\"url\":\"https:\/\/sante-globale-entreprise.fr\/index.php\/references-sante-globale-entreprise\/\",\"name\":\"R\\u00e9f\\u00e9rences - Sante Globale Pro\",\"isPartOf\":{\"@id\":\"https:\/\/sante-globale-entreprise.fr\/#website\"},\"datePublished\":\"2025-01-27T14:13:54+00:00\",\"dateModified\":\"2025-01-27T14:31:44+00:00\",\"description\":\"R\\u00e9f\\u00e9rences Sant\\u00e9 Globale Entreprises #sante globale ; #management sant\\u00e9\",\"inLanguage\":\"fr-FR\",\"potentialAction\":[{\"@type\":\"ReadAction\",\"target\":[\"https:\/\/sante-globale-entreprise.fr\/index.php\/references-sante-globale-entreprise\/\"]}]}]}<\/script>\n<!-- \/ Yoast SEO plugin. -->","_links":{"self":[{"href":"https:\/\/sante-globale-entreprise.fr\/index.php\/wp-json\/wp\/v2\/pages\/232"}],"collection":[{"href":"https:\/\/sante-globale-entreprise.fr\/index.php\/wp-json\/wp\/v2\/pages"}],"about":[{"href":"https:\/\/sante-globale-entreprise.fr\/index.php\/wp-json\/wp\/v2\/types\/page"}],"author":[{"embeddable":true,"href":"https:\/\/sante-globale-entreprise.fr\/index.php\/wp-json\/wp\/v2\/users\/1"}],"replies":[{"embeddable":true,"href":"https:\/\/sante-globale-entreprise.fr\/index.php\/wp-json\/wp\/v2\/comments?post=232"}],"version-history":[{"count":2,"href":"https:\/\/sante-globale-entreprise.fr\/index.php\/wp-json\/wp\/v2\/pages\/232\/revisions"}],"predecessor-version":[{"id":236,"href":"https:\/\/sante-globale-entreprise.fr\/index.php\/wp-json\/wp\/v2\/pages\/232\/revisions\/236"}],"wp:attachment":[{"href":"https:\/\/sante-globale-entreprise.fr\/index.php\/wp-json\/wp\/v2\/media?parent=232"}],"curies":[{"name":"wp","href":"https:\/\/api.w.org\/{rel}","templated":true}]}}